[INFO] cloning repository https://github.com/ul/kak-tree
[INFO] running `Command { std: "git" "-c" "credential.helper=" "-c" "credential.helper=/workspace/cargo-home/bin/git-credential-null" "clone" "--bare" "https://github.com/ul/kak-tree" "/workspace/cache/git-repos/https%3A%2F%2Fgithub.com%2Ful%2Fkak-tree", kill_on_drop: false }`
[INFO] [stderr] Cloning into bare repository '/workspace/cache/git-repos/https%3A%2F%2Fgithub.com%2Ful%2Fkak-tree'...
[INFO] running `Command { std: "git" "rev-parse" "HEAD", kill_on_drop: false }`
[INFO] [stdout] 8c0b6b4a3d5750732817aa8c9e633699cb5c2367
[INFO] checking ul/kak-tree against master#af3c6e733a40e671550e0f0f5aeecaa13772ba56 for pr-74989
[INFO] running `Command { std: "git" "clone" "/workspace/cache/git-repos/https%3A%2F%2Fgithub.com%2Ful%2Fkak-tree" "/workspace/builds/worker-3/source", kill_on_drop: false }`
[INFO] [stderr] Cloning into '/workspace/builds/worker-3/source'...
[INFO] [stderr] done.
[INFO] validating manifest of git repo https://github.com/ul/kak-tree on toolchain af3c6e733a40e671550e0f0f5aeecaa13772ba56
[INFO] running `Command { std: "/workspace/cargo-home/bin/cargo" "+af3c6e733a40e671550e0f0f5aeecaa13772ba56" "read-manifest" "--manifest-path" "Cargo.toml", kill_on_drop: false }`
[INFO] started tweaking git repo https://github.com/ul/kak-tree
[INFO] finished tweaking git repo https://github.com/ul/kak-tree
[INFO] tweaked toml for git repo https://github.com/ul/kak-tree written to /workspace/builds/worker-3/source/Cargo.toml
[INFO] crate git repo https://github.com/ul/kak-tree already has a lockfile, it will not be regenerated
[INFO] running `Command { std: "/workspace/cargo-home/bin/cargo" "+af3c6e733a40e671550e0f0f5aeecaa13772ba56" "fetch" "--locked" "--manifest-path" "Cargo.toml", kill_on_drop: false }`
[INFO] running `Command { std: "docker" "create" "-v" "/var/lib/crater-agent-workspace/builds/worker-3/target:/opt/rustwide/target:rw,Z" "-v" "/var/lib/crater-agent-workspace/builds/worker-3/source:/opt/rustwide/workdir:ro,Z" "-v" "/var/lib/crater-agent-workspace/cargo-home:/opt/rustwide/cargo-home:ro,Z" "-v" "/var/lib/crater-agent-workspace/rustup-home:/opt/rustwide/rustup-home:ro,Z" "-e" "SOURCE_DIR=/opt/rustwide/workdir" "-e" "CARGO_TARGET_DIR=/opt/rustwide/target" "-e" "CARGO_HOME=/opt/rustwide/cargo-home" "-e" "RUSTUP_HOME=/opt/rustwide/rustup-home" "-w" "/opt/rustwide/workdir" "-m" "1610612736" "--user" "0:0" "--network" "none" "rustops/crates-build-env@sha256:d92eaeed33fa75130ca1ee6c8a01d1ffb62bac859dfdfb3450e3e5d1c0146529" "/opt/rustwide/cargo-home/bin/cargo" "+af3c6e733a40e671550e0f0f5aeecaa13772ba56" "metadata" "--no-deps" "--format-version=1", kill_on_drop: false }`
[INFO] [stdout] a10a4030875df51a467bdd7721472370cd1f38878e3dd6ca964468dc9749b633
[INFO] [stderr] WARNING: Your kernel does not support swap limit capabilities or the cgroup is not mounted. Memory limited without swap.
[INFO] running `Command { std: "docker" "start" "-a" "a10a4030875df51a467bdd7721472370cd1f38878e3dd6ca964468dc9749b633", kill_on_drop: false }`
[INFO] running `Command { std: "docker" "inspect" "a10a4030875df51a467bdd7721472370cd1f38878e3dd6ca964468dc9749b633", kill_on_drop: false }`
[INFO] running `Command { std: "docker" "rm" "-f" "a10a4030875df51a467bdd7721472370cd1f38878e3dd6ca964468dc9749b633", kill_on_drop: false }`
[INFO] [stdout] a10a4030875df51a467bdd7721472370cd1f38878e3dd6ca964468dc9749b633
[INFO] running `Command { std: "docker" "create" "-v" "/var/lib/crater-agent-workspace/builds/worker-3/target:/opt/rustwide/target:rw,Z" "-v" "/var/lib/crater-agent-workspace/builds/worker-3/source:/opt/rustwide/workdir:ro,Z" "-v" "/var/lib/crater-agent-workspace/cargo-home:/opt/rustwide/cargo-home:ro,Z" "-v" "/var/lib/crater-agent-workspace/rustup-home:/opt/rustwide/rustup-home:ro,Z" "-e" "SOURCE_DIR=/opt/rustwide/workdir" "-e" "CARGO_TARGET_DIR=/opt/rustwide/target" "-e" "CARGO_INCREMENTAL=0" "-e" "RUST_BACKTRACE=full" "-e" "RUSTFLAGS=--cap-lints=forbid" "-e" "CARGO_HOME=/opt/rustwide/cargo-home" "-e" "RUSTUP_HOME=/opt/rustwide/rustup-home" "-w" "/opt/rustwide/workdir" "-m" "1610612736" "--user" "0:0" "--network" "none" "rustops/crates-build-env@sha256:d92eaeed33fa75130ca1ee6c8a01d1ffb62bac859dfdfb3450e3e5d1c0146529" "/opt/rustwide/cargo-home/bin/cargo" "+af3c6e733a40e671550e0f0f5aeecaa13772ba56" "check" "--frozen" "--all" "--all-targets" "--message-format=json", kill_on_drop: false }`
[INFO] [stdout] 80194082c968c5f27fc18a09f9c1b32a8afe85f45072adecf800f4ecce6e0678
[INFO] [stderr] WARNING: Your kernel does not support swap limit capabilities or the cgroup is not mounted. Memory limited without swap.
[INFO] running `Command { std: "docker" "start" "-a" "80194082c968c5f27fc18a09f9c1b32a8afe85f45072adecf800f4ecce6e0678", kill_on_drop: false }`
[INFO] [stderr]     Checking cfg-if v0.1.6
[INFO] [stderr]    Compiling proc-macro2 v1.0.8
[INFO] [stderr]     Checking lazy_static v1.2.0
[INFO] [stderr]    Compiling unicode-xid v0.2.0
[INFO] [stderr]    Compiling slog v2.5.2
[INFO] [stderr]    Compiling syn v1.0.14
[INFO] [stderr]    Compiling proc-macro2 v0.4.24
[INFO] [stderr]    Compiling serde v1.0.104
[INFO] [stderr]    Compiling regex v1.1.0
[INFO] [stderr]     Checking byteorder v1.2.7
[INFO] [stderr]    Compiling crc32fast v1.1.2
[INFO] [stderr]     Checking arc-swap v0.4.4
[INFO] [stderr]     Checking crossbeam v0.2.12
[INFO] [stderr]     Checking take_mut v0.2.2
[INFO] [stderr]     Checking adler32 v1.0.3
[INFO] [stderr]     Checking strsim v0.8.0
[INFO] [stderr]     Checking either v1.5.0
[INFO] [stderr]    Compiling memchr v2.1.2
[INFO] [stderr]     Checking regex-syntax v0.6.4
[INFO] [stderr]     Checking textwrap v0.11.0
[INFO] [stderr]     Checking log v0.4.6
[INFO] [stderr]    Compiling libc v0.2.66
[INFO] [stderr]     Checking thread_local v0.3.6
[INFO] [stderr]     Checking itertools v0.8.2
[INFO] [stderr]     Checking time v0.1.41
[INFO] [stderr]     Checking isatty v0.1.9
[INFO] [stderr]     Checking atty v0.2.11
[INFO] [stderr]     Checking term v0.5.1
[INFO] [stderr]     Checking log v0.3.9
[INFO] [stderr]     Checking clap v2.33.0
[INFO] [stderr]     Checking chrono v0.4.6
[INFO] [stderr]     Checking libflate v0.1.19
[INFO] [stderr]    Compiling jobserver v0.1.19
[INFO] [stderr]     Checking aho-corasick v0.6.9
[INFO] [stderr]    Compiling quote v1.0.2
[INFO] [stderr]     Checking slog-scope v4.3.0
[INFO] [stderr]     Checking slog-async v2.3.0
[INFO] [stderr]    Compiling quote v0.6.10
[INFO] [stderr]     Checking slog-stdlog v3.0.2
[INFO] [stderr]    Compiling cc v1.0.50
[INFO] [stderr]    Compiling syn v0.15.23
[INFO] [stderr]     Checking slog-term v2.4.0
[INFO] [stderr]    Compiling tree-sitter v0.6.0
[INFO] [stderr]    Compiling kak-tree v0.1.0 (/opt/rustwide/workdir)
[INFO] [stderr] The following warnings were emitted during compilation:
[INFO] [stderr] 
[INFO] [stderr] warning: cc: error: vendor/tree-sitter-rust/src/parser.c: No such file or directory
[INFO] [stderr] warning: cc: fatal error: no input files
[INFO] [stderr] warning: compilation terminated.
[INFO] [stderr] 
[INFO] [stderr] error: failed to run custom build command for `kak-tree v0.1.0 (/opt/rustwide/workdir)`
[INFO] [stderr] 
[INFO] [stderr] Caused by:
[INFO] [stderr]   process didn't exit successfully: `/opt/rustwide/target/debug/build/kak-tree-2fc4abcbda381596/build-script-build` (exit code: 1)
[INFO] [stderr]   --- stdout
[INFO] [stderr]   TARGET = Some("x86_64-unknown-linux-gnu")
[INFO] [stderr]   OPT_LEVEL = Some("0")
[INFO] [stderr]   HOST = Some("x86_64-unknown-linux-gnu")
[INFO] [stderr]   CC_x86_64-unknown-linux-gnu = None
[INFO] [stderr]   CC_x86_64_unknown_linux_gnu = None
[INFO] [stderr]   HOST_CC = None
[INFO] [stderr]   CC = None
[INFO] [stderr]   CFLAGS_x86_64-unknown-linux-gnu = None
[INFO] [stderr]   CFLAGS_x86_64_unknown_linux_gnu = None
[INFO] [stderr]   HOST_CFLAGS = None
[INFO] [stderr]   CFLAGS = None
[INFO] [stderr]   CRATE_CC_NO_DEFAULTS = None
[INFO] [stderr]   DEBUG = Some("true")
[INFO] [stderr]   CARGO_CFG_TARGET_FEATURE = Some("fxsr,mmx,sse,sse2")
[INFO] [stderr]   running: "cc" "-O0" "-ffunction-sections" "-fdata-sections" "-fPIC" "-g" "-fno-omit-frame-pointer" "-m64" "-I" "vendor/tree-sitter-rust/src" "-Wall" "-Wextra" "-o" "/opt/rustwide/target/debug/build/kak-tree-49bff2a0283fa25f/out/vendor/tree-sitter-rust/src/parser.o" "-c" "vendor/tree-sitter-rust/src/parser.c"
[INFO] [stderr]   cargo:warning=cc: error: vendor/tree-sitter-rust/src/parser.c: No such file or directory
[INFO] [stderr]   cargo:warning=cc: fatal error: no input files
[INFO] [stderr]   cargo:warning=compilation terminated.
[INFO] [stderr]   exit code: 1
[INFO] [stderr] 
[INFO] [stderr]   --- stderr
[INFO] [stderr] 
[INFO] [stderr] 
[INFO] [stderr]   error occurred: Command "cc" "-O0" "-ffunction-sections" "-fdata-sections" "-fPIC" "-g" "-fno-omit-frame-pointer" "-m64" "-I" "vendor/tree-sitter-rust/src" "-Wall" "-Wextra" "-o" "/opt/rustwide/target/debug/build/kak-tree-49bff2a0283fa25f/out/vendor/tree-sitter-rust/src/parser.o" "-c" "vendor/tree-sitter-rust/src/parser.c" with args "cc" did not execute successfully (status code exit code: 1).
[INFO] [stderr] 
[INFO] [stderr] 
[INFO] [stderr] warning: build failed, waiting for other jobs to finish...
[INFO] [stderr] error: build failed
[INFO] running `Command { std: "docker" "inspect" "80194082c968c5f27fc18a09f9c1b32a8afe85f45072adecf800f4ecce6e0678", kill_on_drop: false }`
[INFO] running `Command { std: "docker" "rm" "-f" "80194082c968c5f27fc18a09f9c1b32a8afe85f45072adecf800f4ecce6e0678", kill_on_drop: false }`
[INFO] [stdout] 80194082c968c5f27fc18a09f9c1b32a8afe85f45072adecf800f4ecce6e0678
